z) = -z**3 - 8*z + 9*z**2 + 13 + 3*z**3 - 5*z + 0. Let w(m) = -3*m**3 - 9*m**2 + 14*m - 14. Let b(a) = -4*u(a) - 3*w(a). What is the units digit of b(8)?
6
Let j(c) = c**2 + 16*c + 32. Let y be j(-14). Suppose -16 = y*u - 6*u. What is the units digit of u?
8
Suppose 9*i - 7991 = 1828. What is the hundreds digit of i?
0
Let r = -11 - -20. Suppose a - 9 = -0*u - u, 5*a = u - r. What is the units digit of u?
9
Suppose 6*n - 6 = 6. What is the units digit of (6 + 39/9)*(n - -1)?
1
What is the hundreds digit of 1284*((-200)/(-24) + -8)?
4
Let j be ((1 - -2) + 5)/2. What is the units digit of 54*-6*j/(-36)?
6
Let j(b) = 3*b + 36. Let c be j(4). Suppose c + 1821 = 7*k. What is the tens digit of k?
6
What is the hundreds digit of 4771/5 + (-2)/(-4 - -14)?
9
What is the hundreds digit of ((-4791)/1)/(99/(-18) + 4)?
1
Suppose -5*j = -4*j - 3. Suppose 0 = -5*u - m - m + 316, -m + 190 = j*u. What is the units digit of u?
4
Let p(k) = 387*k + 108. What is the hundreds digit of p(8)?
2
Suppose -17*w + 27423 = -20126. What is the units digit of w?
7
Suppose 0 = -5*j + 3*h - 1, 6*h = -j + 2*h - 14. Let p = -9 + 16. Let u = j + p. What is the units digit of u?
5
Let x = -2726 - -4658. What is the tens digit of x?
3
Let n(o) = -27 + o - o**3 + 46 - 36 + 9*o**2. What is the tens digit of n(7)?
8
Let k = 14 - 10. Suppose q = k*m + 56, 0*m - 2*m = 3*q - 154. Suppose -4*z + 28 + q = 0. What is the units digit of z?
0
Let z(y) be the second derivative of y**5/20 - y**4/6 + 73*y**2/2 - 6*y. What is the tens digit of z(0)?
7
Let z(h) = 72*h**2 + 4*h + 7. What is the units digit of z(-2)?
7
Let g be 0 - (-2 - 212) - 1/(-1). Let a = -7 + g. What is the units digit of a?
8
Let g = 787 + 289. Suppose -g = -15*c + 49. What is the units digit of c?
5
Let o(l) = -l**3 - 3*l**2 + 5*l + 1. Let b(x) = -x**2 + 8*x + 2. Let k be b(8). Suppose -4*t + 9*t - 20 = 0, -k*v + 4*t = 26. What is the tens digit of o(v)?
2
Let r(g) be the third derivative of 0*g + 0 + 0*g**4 - 1/120*g**6 + 1/2*g**3 + 5*g**2 + 1/12*g**5. What is the tens digit of r(4)?
1
Suppose 72 + 98 = 2*n. Suppose 5*k = 70 + n. Suppose -5*h + 319 + k = 0. What is the units digit of h?
0
Suppose -113 = -19*b + 134. Suppose -b*h + 645 = -70. What is the units digit of h?
5
Suppose -5*v + 2*d + 26417 = 0, 5*v + 3*d - 40243 = -13806. What is the thousands digit of v?
5
Suppose -4*k + 13*i - 9*i + 2596 = 0, 0 = 3*k - i - 1939. What is the hundreds digit of k?
6
Let u(n) = -2*n**2 - 8*n + 1688. What is the tens digit of u(0)?
8
Suppose -3*u - 5*y - 4 = 0, 5*y + 23 = 4*u + 5. Let g be (3 + 28)*(-1 + u). Suppose -2*h = -g + 7. What is the tens digit of h?
1
Let j = 10 - 9. Let g(r) = r + 1. Let q be g(j). Suppose 6*b - q*b - 44 = 0. What is the units digit of b?
1
Let m(a) = -a**3 - 2*a**2 + 4*a - 9. Let y(x) = -x**2 - 2*x + 9. Let c be y(3). What is the hundreds digit of m(c)?
1
Let g(i) = 3*i + 20. Let h(d) = d**3 + 11*d**2 - 11*d + 26. Let w be h(-12). What is the tens digit of g(w)?
6
Suppose 0 = -s + 2 - 0. Suppose 0 = s*x - 197 + 41. What is the units digit of x?
8
Let k(c) = -c**3 - 6*c**2 + 5*c - 2. Let n be k(-7). Let g be 20/n + (-3)/(-9). Suppose g*j - 7 = 105. What is the units digit of j?
6
Suppose -6*o + 149 + 79 = 0. Let r = -31 - -5. Let y = r + o. What is the units digit of y?
2
Let g(a) = -9*a**2 + 2*a - 2. Let x be g(1). What is the hundreds digit of 6/x - -166*2/3?
1
Suppose -9592 = -4*n - 18*n. What is the tens digit of n?
3
What is the hundreds digit of 3712/6 - 2/(-6)?
6
Suppose -l + 3*m = -4129, -7*m = 3*l - 9*m - 12422. What is the thousands digit of l?
4
Suppose -284*q + 273*q = -4334. What is the hundreds digit of q?
3
Suppose 0 = 5*q + 3*o - 18, 0 = 5*q - 3*o + o - 13. Let a(y) = y**3 + 4*y**2 - 4*y. What is the tens digit of a(q)?
5
Let i be (-13 - -4)*(-3 - 25/(-9)). Suppose 14*u = i*u + 864. What is the units digit of u?
2
Let g(m) = 363*m + 89. What is the units digit of g(3)?
8
Suppose 16*h - 3*h = 0. What is the tens digit of -4 - h - (14 - 262)?
4
Let h(y) = 12*y - 21. Let o be h(15). Let a = o - 50. What is the tens digit of a?
0
Suppose d = 5*d + 2*s + 176, 0 = -4*d - 3*s - 172. Let k = 3 - d. What is the tens digit of k?
4
Suppose -6*n + 9*n - 150 = 0. What is the units digit of n?
0
Suppose -4*q + 19 = -5. Suppose q*g - 4*g - 8 = 0. Suppose 7*j = g*j + 84. What is the units digit of j?
8
Let y(n) = 3*n**2 - 86*n + 138. What is the hundreds digit of y(46)?
5
Let j be 4/((3/12)/((-141)/6)). Let z = j - -721. What is the units digit of z?
5
Suppose -5*j = -2*i - 41, 2*j + 2*i = i + 11. Let f = j + 2. What is the tens digit of (-428)/(-18) - (-2)/f?
2
Let r(p) = 342*p**2 - 86*p - 266. What is the units digit of r(-3)?
0
Suppose -21440 = -74*g + 58*g. What is the hundreds digit of g?
3
Suppose 2 = o - 0. Suppose c - o*c = 4*j - 10, -4*j + 4*c = -20. Suppose -5*v - 64 = -2*d, -6*d + 101 = -j*d - 5*v. What is the tens digit of d?
3
Suppose -2*u - 3*u - 4*d = -730, -5*d = -4*u + 625. What is the units digit of u?
0
Suppose -3*g - 671 = -4*b, -5*b - 10*g + 13*g + 835 = 0. What is the hundreds digit of b?
1
Let k = -32 + 32. Suppose -5*a + 21 + 44 = k. What is the units digit of a?
3
Suppose 4*y + c - 863 = 2*c, 4*y - 5*c = 875. What is the hundreds digit of y?
2
Let p(a) = 7*a**2 + 15*a + 34. Let w(l) = -20*l**2 - 46*l - 101. Let y(n) = 17*p(n) + 6*w(n). What is the tens digit of y(-15)?
6
Let j(y) = -y**3 - 6*y**2 - 3*y - 10. Let l = 31 - 38. What is the tens digit of j(l)?
6
Suppose 0 = -r + 4. Suppose 184 = 4*a + g, -a + 157 = 2*a - r*g. What is the units digit of a?
7
What is the units digit of (-2)/18 - 3864/(-27)?
3
Let v(u) = -u**2 - 5*u + 1. Let i be v(4). What is the units digit of (-60)/i - (-8)/28?
2
Suppose -4*l + 25 = -2*l - g, 5*l = g + 61. Let u = l - 7. Suppose 3*i - 42 = -a, 2*a = -u*i + 26 + 44. What is the tens digit of i?
1
Suppose -754 + 28 = -m. What is the units digit of m?
6
Let b = -120 + 100. What is the units digit of (b/6)/(-5*(-10)/(-3075))?
5
Suppose 2*f - 30 = 6. What is the units digit of (-448)/(-21)*(f/4 - 0)?
6
Let p be (3/1 + -5)*545/(-2). Suppose 5*i = -5*x + p, 0 = 4*i + 5*x - 443 + 12. What is the tens digit of i?
1
What is the tens digit of (41531/34)/(7/14)?
4
Let h = -733 - -2481. What is the units digit of h?
8
Let j = 8 - 6. Suppose -2*i - j*i + 12 = 0. Suppose 7*v - i*v + 42 = 5*m, -4*m - 5*v + 9 = 0. What is the units digit of m?
6
Let w be (208 - 2)/(1/(-1)). Let o = -23 - w. What is the units digit of o?
3
Let b(u) = u + 8. Let g be b(0). Let x = g - -1. What is the tens digit of 214/x - 4/(-18)?
2
Suppose 8*l - 3*l - 170 = 0. Suppose 0 = -x + 19 + l. What is the tens digit of x?
5
Let j = 16 - 12. Suppose 0*d - d + j*q + 51 = 0, -190 = -4*d + 2*q. What is the tens digit of d?
4
Suppose -5*l = 4*c - 287, -3*c - 77 = -5*l + 189. Suppose -l = -5*t + 2*v, -t = -5*v + 13 - 1. What is the tens digit of t?
1
Let p be 177 - (-1)/(4/4). Suppose -5 = 5*z, 3*g + 2*z - p = -2*g. What is the units digit of g?
6
Let a = -11 - -3. What is the units digit of (-194)/a - 5/20?
4
Let i(u) = -u**2 + 2*u. Let n be i(3). Let g be (n + -3)/(9/(-24)). What is the tens digit of 2 + g - (-15)/5?
2
Let x(q) = 3*q**2 + 11*q + 76. What is the units digit of x(7)?
0
Let n(j) = 6*j**2 - 20*j - 83. What is the units digit of n(-5)?
7
Suppose 4*n + 3*u + 6 = -15, -4*n = -u + 9. Let w be (-7)/((7 + n)/(-12)). Suppose 4*c - 5*c + w = 0. What is the tens digit of c?
2
Let r = 49 + 34. Suppose -5*w + 408 - r = 0. What is the units digit of w?
5
Let o(v) = 213*v**3 + 3*v**2 - 8*v - 11. Let p(w) = -3 + 0*w**2 - 5*w - 2 + 2*w**2 + 142*w**3 - 2. Let b(a) = 5*o(a) - 8*p(a). What is the tens digit of b(-1)?
7
Suppose 3*v - 2466 = -2*t, 15 = -t + 12. What is the hundreds digit of v?
8
Let d be (-45)/10*(-4)/6. Let n(o) = 23*o**2 + 7. What is the tens digit of n(d)?
1
Let f = -7 - -7. Suppose 5*y + f*y - 19 = -3*v, 10 = -y + 4*v. Suppose y*r - 52 + 12 = 0. What is the tens digit of r?
2
Let f(u) = u**2 - u - 22. Let t be (9/(-4) - 0)/(10/40). What is the units digit of f(t)?
8
Let y be 4/(-10) - (-51)/15. Suppose -5*z = -4 + 9, 3*i = 3*z + y. Suppose i*u - 5*u + 10 = 0. What is the units digit of u?
2
Suppose -3*j + 304 = -17. Suppose -3*d - 2*u + 0*u + 324 = 0, -u + j = d. What is the ten